ultiple of 565?
True
Does 1473 divide 15265902?
False
Does 209 divide 1765708904?
False
Is 302719248 a multiple of 988?
True
Is 94 a factor of 445986845?
False
Is 50473345 a multiple of 179?
False
Is 80 a factor of 1567985611?
False
Is 322724324 a multiple of 3562?
True
Is 5083442534 a multiple of 23?
False
Does 86 divide 15269386?
True
Does 274 divide 1899341696?
True
Is 1501669358 a multiple of 21?
False
Is 12687360 a multiple of 944?
True
Does 3978 divide 32822478?
True
Does 1162 divide 493211075?
False
Does 150 divide 186312300?
True
Does 6 divide 1058546?
False
Does 1933 divide 1614941?
False
Is 49588412 a multiple of 398?
True
Does 39 divide 10350873?
True
Is 51492809 a multiple of 3?
False
Does 24 divide 1351096656?
True
Is 2093562 a multiple of 167?
False
Is 399 a factor of 17434305?
True
Is 15 a factor of 1070234?
False
Does 2530 divide 10045137?
False
Is 247 a factor of 148493528?
False
Is 61272953 a multiple of 3774?
False
Is 22 a factor of 8656430?
False
Is 62 a factor of 301986810?
True
Is 15484638 a multiple of 9?
False
Is 4 a factor of 78240696?
True
Does 731 divide 40992287?
True
Is 4091 a factor of 247603200?
False
Does 468 divide 4943016?
True
Is 17495890 a multiple of 784?
False
Does 13985 divide 1808509040?
False
Is 16 a factor of 4332776282?
False
Does 175 divide 849555350?
True
Is 84208299 a multiple of 7?
True
Does 17 divide 16538076?
True
Is 32 a factor of 1542138613?
False
Is 3680410 a multiple of 204?
False
Is 118 a factor of 976016?
False
Is 28 a factor of 327501257?
False
Is 2399 a factor of 1150713157?
False
Is 358 a factor of 1369918862?
True
Is 151 a factor of 133677733?
True
Does 623 divide 580375060?
False
Is 1334 a factor of 413265196?
True
Is 95 a factor of 262524752?
False
Is 773010091 a multiple of 118?
False
Is 15091557 a multiple of 39?
True
Is 8 a factor of 41947080?
True
Does 502 divide 138061044?
True
Is 65751750 a multiple of 75?
True
Does 1165 divide 175029600?
True
Is 56 a factor of 265429017?
False
Is 1711515772 a multiple of 467?
True
Does 28 divide 46502801?
False
Does 202 divide 4639570?
False
Is 27 a factor of 3459942?
True
Is 95704188 a multiple of 75?
False
Is 65172160 a multiple of 100?
False
Is 59039464 a multiple of 93?
False
Is 20 a factor of 266758780?
True
Does 175 divide 35698115?
False
Is 215032294 a multiple of 163?
False
Is 427 a factor of 234933692?
True
Is 5675787 a multiple of 18?
False
Is 61 a factor of 80851962?
True
Is 324 a factor of 230861333?
False
Is 13919737 a multiple of 8?
False
Is 1286894310 a multiple of 390?
True
Is 10 a factor of 1650190625?
False
Is 214 a factor of 37329437?
False
Is 286947115 a multiple of 65?
True
Is 1976 a factor of 109590936?
True
Does 41 divide 133517320?
True
Does 169 divide 604931461?
False
Is 141 a factor of 29579826?
True
Is 164628311 a multiple of 41?
False
Is 36608508 a multiple of 6?
True
Is 833 a factor of 33646536?
True
Does 264 divide 656667?
False
Is 1579 a factor of 13598348?
True
Is 12430693 a multiple of 161?
False
Is 45 a factor of 12210031?
False
Is 9 a factor of 32431095?
True
Is 1312 a factor of 15746284?
False
Is 90959678 a multiple of 200?
False
Is 10 a factor of 2173920?
True
Is 305716054 a multiple of 6?
False
Is 124235188 a multiple of 308?
True
Is 1190389974 a multiple of 1474?
False
Does 183 divide 173086707?
True
Is 60 a factor of 37034460?
True
Is 7903 a factor of 1487091704?
True
Is 18 a factor of 92513304?
True
Is 1036071306 a multiple of 504?
False
Does 3112 divide 488494884?
False
Does 21 divide 102980850?
True
Does 36 divide 45694512?
True
Is 127536701 a multiple of 1736?
False
Is 15287342 a multiple of 287?
True
Does 6 divide 98230596?
True
Is 287 a factor of 6405193774?
False
Is 27970932 a multiple of 1878?
True
Is 723206457 a multiple of 69?
True
Is 21639267 a multiple of 347?
True
Is 202593509 a multiple of 191?
True
Is 153328805 a multiple of 11?
False
Is 975260 a multiple of 715?
True
Is 59 a factor of 2984829588?
True
Does 3 divide 8246836?
False
Does 1145 divide 7308517?
False
Is 1340816 a multiple of 752?
True
Does 2589 divide 486434265?
True
Is 6 a factor of 1744764?
True
Is 3808808 a multiple of 15?
False
Is 290820046 a multiple of 22?
True
Is 14 a factor of 216479476?
False
Is 37988976 a multiple of 568?
True
Is 2033 a factor of 283203516?
False
Does 4 divide 107303397?
False
Does 318 divide 132232986?
True
Is 23 a factor of 9755473?
True
Is 98 a factor of 25573826?
False
Is 148842591 a multiple of 69?
True
Is 124532119 a multiple of 507?
False
Is 439734825 a multiple of 405?
True
Is 193774553 a multiple of 3?
False
Is 79052594 a multiple of 380?
False
Is 144 a factor of 3752348355?
False
Is 31 a factor of 151261951?
False
Is 403 a factor of 404748214?
True
Is 6 a factor of 453428226?
True
Does 1101 divide 712698943?
False
Is 226 a factor of 18754563?
False
Is 4250 a factor of 98153750?
True
Does 245 divide 4261775?
True
Does 7 divide 16704174?
False
Does 29 divide 8511355?
True
Is 2751 a factor of 486135675?
False
Does 69 divide 761426989?
False
Is 2721845231 a multiple of 2737?
True
Is 39 a factor of 3742?
False
Is 410 a factor of 1483993227?
False
Does 155 divide 552376357?
False
Is 6 a factor of 1277780196?
True
Is 29990601 a multiple of 27?
True
Is 3005 a factor of 246169600?
True
Is 694636898 a multiple of 1162?
False
Is 79093700 a multiple of 70?
True
Does 1646 divide 25313834?
True
Is 29500214 a multiple of 221?
False
Is 197331393 a multiple of 389?
False
Is 20 a factor of 424104940?
True
Does 201 divide 62860379?
False
Does 2261 divide 116979618?
True
Is 3356 a factor of 3792825?
False
Is 481159123 a multiple of 2357?
False
Does 10 divide 75500421?
False
Is 348 a factor of 152352642?
False
Is 472400689 a multiple of 22?
False
Is 51 a factor of 2461517427?
False
Is 163 a factor of 438772104?
False
Does 4 divide 21529700?
True
Is 507818844 a multiple of 63?
False
Does 61 divide 12983625?
False
Is 25 a factor of 353518927?
False
Is 1127951770 a multiple of 95?
False
Is 236474516 a multiple of 27?
False
Is 2286 a factor of 34923918?
False
Is 51 a factor of 112529103?
True
Does 62 divide 35916042?
True
Does 30 divide 641653800?
True
Does 397 divide 58243076?
True
Is 4790 a factor of 353832510?
True
Is 46357756 a multiple of 262?
True
Does 86 divide 26986715?
False
Is 48729776 a multiple of 244?
False
Does 9 divide 2203495642?
False
Is 448 a factor of 36756501?
False
Does 2523 divide 109827543?
False
Is 18758550 a multiple of 395?
True
Does 1726 divide 35723571?
False
Is 14 a factor of 28840815?
False
Is 91216507 a multiple of 5?
False
Is 219917364 a multiple of 206?
False
Is 10360 a factor of 1945332296?
False
Does 166 divide 155476762?
True
Is 13 a factor of 16053031?
False
Is 65021369 a multiple of 60?
False
Does 192 divide 35498990?
False
Does 11 divide 3465649?
True
Does 910 divide 81620455?
False
Does 172 divide 108469736?
True
Is 26500169 a multiple of 9?
False
Is 112643615 a multiple of 1410?
False
Does 626 divide 1944982?
True
Does 1940 divide 116165029?
False
Is 34 a factor of 61890516?
False
Is 1129 a factor of 74623513?
True
Does 956 divide 2499452440?
True
Is 38 a factor of 113999607?
False
Is 72813499 a multiple of 41?
True
Is 22012131 a multiple of 471?
False
Is 37992015 a multiple of 24?
False
Is 495341496 a multiple of 8?
True
Is 5274139 a multiple of 14?
False
Is 290751294 a multiple of 2666?
True
Does 219 divide 122085054?
True
Is 4 a factor of 24620840?
True
Is 2613044156 a multiple of 264?
False
Is 577536662 a multiple of 27?
False
Is 26 a factor of 18651081?
False
Is 34 a factor of 21437623?
False
Is 5 a factor of 617357823?
False
Is 660104604 a multiple of 27?
False
Does 838 divide 205001616?
True
Is 2977726 a multiple of 4?
False
Is 1032 a factor of 47259408?
True
Is 10647672 a multiple of 366?
True
Does 33 divide 16836798?
True
Is 284044922 a multiple of 2966?
True
Is 782333440 a multiple of 1172?
True
Is 3908 a factor of 92531995?
False
Does 7 divide 43965165?
False
Is 187 a factor of 575251644?
True
Is 5 a factor of 504666799?
False
Does 259 divide 28867363?
True
Is 18830214 a multiple of 78?
True
Does 593 divide 41469364?
False
Does 12 divide 422644752?
True
Is 67488511 a multiple of 721?
False
Is 22 a factor of 118092514?
False
Is 101 a factor of 57414864?
True
Is